 x be 8/6*(-18)/(-4). Let n(s) = x*d(s) + 5*t(s). Calculate n(-5).
-2
Let k(m) = -m - 3. Let l be k(-9). Let h(j) = -j + 2. Determine h(l).
-4
Suppose 3*d = d - 2. Let r(b) = 5*b**3 - b**2 - b. Let k be r(d). Let t(n) = n**2 + 7*n + 7. Give t(k).
-3
Let a(o) = -o - 2. Let d(s) = -s**3 + 5*s**2 - 5*s - 3. Let f be d(4). Let m be a(f). Suppose 0 = -10*u + m*u - 15. Let p(i) = -i**2 - 6*i - 4. Determine p(u).
5
Suppose 0*y + 4*y = f - 6, 5*y + 14 = -2*f. Let q = y + -2. Let j(t) = -t**3 + 6*t + 0*t**3 - 8*t - 4*t**2. Determine j(q).
8
Let s(h) be the second derivative of -h**3/2 - h**2 - 6*h. Calculate s(4).
-14
Let m(n) = 5*n + 13*n - 6 - 17*n. Determine m(6).
0
Suppose 5*j - 2*p - 5 = 3*p, 17 = 3*j + 4*p. Let m(u) = j*u + 3*u - 2*u. Give m(1).
4
Let w(d) = 2*d - 11. Let g be w(9). Let q(i) = i**2 - 9*i + 3. Calculate q(g).
-11
Let d be (-150)/20*4/6. Let v(l) = -2*l + 6. Give v(d).
16
Let m(s) = s + 3. Let j be (-12)/(-14)*(6 - -1). Let w(x) = -x**2 + 6*x - 4. Let q be w(j). What is m(q)?
-1
Let n(i) = -i**2 - 7*i - 6. Let j be 9 + (-21)/1 - (0 - 4). Calculate n(j).
-14
Let b(s) = s. Let x be b(5). Let u(k) = -9 - 5*k - 5 + 6 + k**3 - x*k**2. Calculate u(6).
-2
Let k(v) = -13*v**3 - 8*v**2 + 7*v + 4. Let p(o) = 7*o**3 + 4*o**2 - 4*o - 2. Let d(q) = 6*k(q) + 11*p(q). Give d(-3).
-1
Suppose -3*d + 2*b + 3 = 0, -2*d + 2 = 3*b - 2*b. Let o(a) = -a**3. Let s be o(0). Let t(y) = -2*y**2 + y**2 - 1 + s*y**2 + y. What is t(d)?
-1
Suppose 61 = 5*k + 2*d, -k + 3*d - 3 = -5. Suppose k = 3*q + 2. Suppose -4*y = -5 - q. Let b(h) = -4*h. Give b(y).
-8
Let d(p) be the third derivative of p**4/12 + 3*p**3/2 - 3*p**2 - 8*p. What is d(-10)?
-11
Let i(t) = -7*t + 1. Let w = 17 - 15. Let c = 7 + -5. Suppose -4*m - w*j - 2 = -0, -c*j - 3 = 3*m. What is i(m)?
-6
Let d(b) = b - 5. Let s(p) = p - 1. Let g(m) = d(m) - 2*s(m). Let h be 3/6*8 + 0. Determine g(h).
-7
Let m(h) = -h**2 + h - 1. Let v = -7 - -5. Let s(q) = 2*q**2 + 1. Let b(o) = o**2 + 6*o - 3. Let d be b(-6). Let l(y) = d*s(y) + v*m(y). Determine l(-1).
-3
Let f(s) = -5*s + 4. Let h be 2 + 5 + 0 + -2. Let l(a) = 14*a**2 + 1. Let i be l(1). Suppose 0 = -0*u - h*u + i. Give f(u).
-11
Let k be 7*(1 + -2*1). Let o(s) = -s**3 - 8*s**2 - 6*s + 9. Let l be o(k). Suppose -3*q = 3*v + 3, q + 9 = -l*v - 3*v. Let g(f) = 7*f**2 - 2*f + 1. Give g(q).
6
Let z = 26 + -16. Suppose 0 = 3*o - 5 - z. Let g(q) = -1. Let p(i) = -i + 3. Let m(j) = g(j) - p(j). Calculate m(o).
1
Let i(a) be the second derivative of -a**5/20 - 5*a**4/12 + 7*a**3/6 - a**2/2 - 15*a. Calculate i(-6).
-7
Let x(f) be the third derivative of -f**6/120 - f**5/60 + f**4/24 - 5*f**3/2 + 22*f**2. Calculate x(0).
-15
Suppose -2*k + 0 = -12. Let y(c) = -c**2 + 7*c - 9. Determine y(k).
-3
Suppose -8*x = -5*x - 15. Suppose -l + 24 = -x*l. Let p(o) = o + 2. Give p(l).
-4
Let c be ((-2)/3)/(-2 - (-100)/45). Let x(f) = -f**3 - 5*f**2 - 3*f + 1. Calculate x(c).
-8
Let m(d) = -d + 4. Let i = 15 - 10. Suppose -2*c = i*g + 15, c - 6*c - 6 = 2*g. Determine m(c).
4
Suppose -5 = -12*n + 7*n. Let i(v) = -12*v**2 + 1. Calculate i(n).
-11
Let j(y) = 17 - y + 0*y**2 - y**2 - 7. Let h(a) = a - 2. Let u be h(2). Determine j(u).
10
Let g(d) be the third derivative of -d**6/120 - d**5/20 - d**4/12 - 2*d**3/3 + 19*d**2. Calculate g(-3).
2
Let s(g) = g**2 + 4*g - 6. Let u(l) = -l**2 - 5*l - 10. Let p be u(-4). Determine s(p).
6
Suppose -4*f - 83 = 65. Let y = f + 24. Let b = y - -9. Let i(g) = g**3 + 3*g**2 - 3*g + 3. Give i(b).
-1
Let n = 4 + -4. Let a(w) be the second derivative of -w**4/12 + w**3/6 + 4*w**2 + 2*w. Give a(n).
8
Let g(c) = -c**3 - 7*c + 57*c**2 + 3 + c - 52*c**2. What is g(4)?
-5
Suppose -2*y - 3*y + 30 = 0. Let d(h) = -h**2 + 7*h + 2. Calculate d(y).
8
Let p(d) = -1 - d**3 + 2 + 6 + d. Suppose l - 5*h = -25, 5*l + 5 = 5*h - 4*h. Determine p(l).
7
Let f(j) = -26 + 0*j - 34 + 67 + j. What is f(-3)?
4
Let r be (-10)/(-6) + (-3)/(-9). Suppose -4*u + 3*h - 5*h - 6 = 0, -3*u - 4*h - r = 0. Let m = -3 - u. Let c(j) = j**2 - 2*j - 1. Determine c(m).
2
Let i(s) = -s**2 - s - 1 + 0 - 1. What is i(0)?
-2
Let n(p) = 10*p - 3 + 2*p**3 - 3*p**3 - 31*p**2 + 40*p**2. Determine n(10).
-3
Let c(h) be the second derivative of h**3/6 - 4*h**2 - 58*h. Give c(8).
0
Let b(t) = -t**2 - 4*t + 1. Let j be (2 + 1)*(-14)/7. What is b(j)?
-11
Let l(y) be the first derivative of 7*y**2/2 + 9. Determine l(-1).
-7
Let s = 3 + -1. Suppose s*j - 11 = -1. Let p(c) = c**3 - 2 - 3*c - j*c**2 + 8*c**2 - 2*c**2. What is p(-2)?
0
Let t(x) be the second derivative of 0 - x + 1/720*x**6 + 0*x**3 - 1/15*x**5 + 0*x**2 + 1/6*x**4. Let a(n) be the third derivative of t(n). Give a(5).
-3
Suppose -3*r = 3*j + 7 + 5, 3*j + 12 = 2*r. Let g(c) = -29*c**3 - 5*c - 2 - c + 3*c**2 + 30*c**3. Determine g(j).
6
Suppose l = 3*t + 6, -5*l + 2*t + 25 = 8. Let v(j) = 4*j + l - 5*j + 2. Let h(n) = n**2 - 5*n - 1. Let d be h(6). Calculate v(d).
0
Let x(h) = h**2 + 4*h + 4. Let k(i) = -i**2 - 3*i + 14. Let f be k(-6). Calculate x(f).
4
Let b(k) be the third derivative of -k**5/30 - k**4/12 - 7*k**2. Calculate b(-2).
-4
Let g(s) be the first derivative of -s**7/840 + s**6/360 - s**5/120 + s**4/4 + s**3 - 1. Let c(i) be the third derivative of g(i). What is c(0)?
6
Let p(z) be the second derivative of -z**5/20 + z**4/4 + 2*z**3/3 + 5*z**2/2 - 3*z. Let h be 48/21 - 2/7. Let k be ((-3)/h)/(3/(-8)). What is p(k)?
5
Let t(p) = 0*p**2 + 2*p**2 - p**3 - 7*p + 5*p**2. Let b be t(6). Let w(z) = -z**3 - 5*z**2 + 7*z - 1. Calculate w(b).
-7
Let i = 127 + -126. Let j(u) = -2*u. Calculate j(i).
-2
Let m be 10/2 + 2/(-2). Suppose m*c - 15 = -c. Let d(k) = -4*k + 7. Let s(v) = -v + 1. Let b(t) = c*s(t) - d(t). What is b(0)?
-4
Let k(g) be the first derivative of -g**3/3 - 5*g**2/2 - 2*g + 5. What is k(-6)?
-8
Let d(t) be the first derivative of t**4/4 + t**3/3 - t**2/2 - 9*t - 1. Give d(0).
-9
Let q(k) = -k**3 + 7*k**2 + 12*k - 8. Let y be q(8). Suppose 4*n = -4*d + y, -n - 2*d + 2 = -5*d. Let c(w) = w**3 - 4*w**2 - 5*w - 6. Give c(n).
-6
Let j be -2 + 6 - (-1 + 3). Let x(d) = -3*d**2 + 4*d**2 - 9 + 4*d + 2 + 0*d**j. Let u = -10 - -5. Calculate x(u).
-2
Let n(z) be the second derivative of -z**4/4 - z**3/2 - z**2 - 7*z. What is n(-2)?
-8
Let n(m) = 2*m**3 + m**2 - 1. Let g be n(1). Let j(z) be the third derivative of 0*z - 1/60*z**5 + 0 + 1/8*z**4 - 1/2*z**3 - z**2. What is j(g)?
-1
Let c(a) = 3*a - 14. Let v be c(6). Suppose 7 = v*g - 13. Let h(y) = -y**2 + 3*y + 1. Let t(b) = -5*b**2 + 14*b + 5. Let o(n) = -11*h(n) + 2*t(n). Give o(g).
-1
Let r(l) = -3*l**2 + 5*l. Let q be r(2). Let f(c) = -3*c**2 - 3*c - 1. What is f(q)?
-7
Suppose -2*y - y = 3, 3*h - 1 = -2*y. Let f(p) = 3*p**3 + p. What is f(h)?
4
Let j(k) = k**3 - 2*k**2 - 3*k - 1. Let p = 8 + -9. Let d be 11 - (0 - (-2 + p)). Let v(a) = a**2 - 7*a - 5. Let q be v(d). Give j(q).
-1
Let n(x) be the third derivative of -x**4/12 + x**3/2 + 6*x**2. What is n(-5)?
13
Let i(f) = f**3 - 4*f**2 + 1. Let k be 2 + 4 - (-5 - -7). Determine i(k).
1
Let i be 3/6*-2 + -4. Let m(g) = 7*g**3 + 5*g**2 - 6*g + 4. Let u(n) = -6*n**3 - 5*n**2 + 5*n - 4. Let v(l) = -5*m(l) - 6*u(l). Calculate v(i).
4
Suppose -4*l + 9 - 29 = 0. Let q(v) = v + 4. What is q(l)?
-1
Let p(y) = -y - 4. Let m be 5/10 - (-22)/(-4). Give p(m).
1
Let s(l) be the first derivative of -l**3/3 + 4*l**2 - 8*l - 72. Give s(6).
4
Let r(x) be the third derivative of x**6/120 - x**5/12 + 7*x**4/24 - 5*x**3/6 + 213*x**2. Suppose -5*f + 13 = -7. Calculate r(f).
7
Suppose 1 = -j - 0. Let r(t) = -5*t + 6 - 3*t - 7. Calculate r(j).
7
Let y(t) = -1. Let l(f) = 5*f + 10. Let x(h) = 2*l(h) + 22*y(h). Let o(u) = -5*u + 1. Let d be 3/12*(6 + 2). Let q(a) = d*x(a) + 5*o(a). Determine q(1).
-4
Let a(z) = z**2 - 3*z + 1. Suppose 3*x - 22 = -10. What is a(x)?
5
Let k(g) = 6*g - 1 + 6*g**2 - 5*g**2 + 1 + 1. Calculate k(-5).
-4
Let z(f) = -f + 27. Let p be z(23). Let b(h) = h - 4. What is b(p)?
0
Suppose p - 10 = 3*p. Let n(c) be the first derivative of -1/4*c**4 - 5 + 5/2*c**2 - 4/3*c**3 + 4*c. Determine n(p).
4
Suppose 0 = n - 6*n + 5. Let z(q) = 2*q**3 + q - 1. Calculate z(n).
2
Let j(t) = 0 + 6*t + 1 - 13*t + 14*t. What is j(-1)?
-6
Let u(g) = 2*g + 4. Let p(d) = -7*d + d + 11*d - 3 - 7*d. Let h be -1 + (2*1)/(-2). Let m(z) = h*u(z) - 3*p(z). Calc